{"id":880,"date":"2019-06-08T07:20:32","date_gmt":"2019-06-08T07:20:32","guid":{"rendered":"http:\/\/maerchenwald-bad-breisig.de\/?page_id=880"},"modified":"2024-09-06T14:07:24","modified_gmt":"2024-09-06T14:07:24","slug":"das-maerchenwald-buch","status":"publish","type":"page","link":"http:\/\/alt.maerchenwald-bad-breisig.de\/?page_id=880","title":{"rendered":"Das M\u00e4rchenwald-Buch"},"content":{"rendered":"\n<p class=\"has-text-align-center has-green-color has-text-color\"><\/p>\n\n\n<div class=\"wp-block-image\">\n<figure class=\"aligncenter\"><a href=\"http:\/\/maerchenwald-bad-breisig.de\/wp-content\/uploads\/2019\/06\/Bild-Nr.-005.jpg\"><img decoding=\"async\" loading=\"lazy\" width=\"300\" height=\"200\" src=\"http:\/\/maerchenwald-bad-breisig.de\/wp-content\/uploads\/2019\/06\/Bild-Nr.-005-300x200.jpg\" alt=\"\" class=\"wp-image-932\" srcset=\"http:\/\/alt.maerchenwald-bad-breisig.de\/wp-content\/uploads\/2019\/06\/Bild-Nr.-005-300x200.jpg 300w, http:\/\/alt.maerchenwald-bad-breisig.de\/wp-content\/uploads\/2019\/06\/Bild-Nr.-005-768x512.jpg 768w, http:\/\/alt.maerchenwald-bad-breisig.de\/wp-content\/uploads\/2019\/06\/Bild-Nr.-005-1024x683.jpg 1024w\" sizes=\"(max-width: 300px) 100vw, 300px\" \/><\/a><\/figure><\/div>\n\n\n<p><\/p>\n\n\n\n<p>Dieser Vers ist seit 1934 in unsere Motto-Tafel am Beginn des M\u00e4rchenwald-Weges eingraviert. So ergab sich der Titel unseres M\u00e4rchenwald-Buchs eigentlich von selbst:<\/p>\n\n\n\n<p class=\"has-green-color has-text-color\">\u201eEs war einmal &#8230; M\u00e4rchen aus dem M\u00e4rchenwald Bad Breisig\u201c<\/p>\n\n\n\n<p>Es beinhaltet alle zw\u00f6lf Grimmschen M\u00e4rchen, die im M\u00e4rchenwald Bad Breisig dargeboten werden, nacherz\u00e4hlt und illustriert vom Maler Willy Zeh (1939-2021), dem die k\u00fcnstlerische Gestaltung des M\u00e4rchenwalds rund 30 Jahre lang oblag. Erg\u00e4nzt wurden die Texte um die Tafeln des M\u00e4rchenlehrpfads, den es in dieser Form nur im M\u00e4rchenwald Bad Breisig gibt. Auch wurden die in den M\u00e4rchenh\u00e4usern ert\u00f6nenden Dialoge wortw\u00f6rtlich \u00fcbertragen. Dar\u00fcber hinaus bietet das Buch mit \u201eDer wei\u00dfe Rabe\u201c ein eigenes M\u00e4rchen \u00fcber die Entstehung des M\u00e4rchenwalds. Es schlie\u00dft mit Heinz Pinnens reich bebilderten Erinnerungen an die Wiederaufbauphase, die Wiederer\u00f6ffnung und die letzten drei Jahrzehnte. <\/p>\n\n\n\n<figure class=\"is-layout-flex wp-block-gallery-1 wp-block-gallery has-nested-images columns-default is-cropped\">\n<figure class=\"wp-block-image size-large\"><a href=\"https:\/\/maerchenwald-bad-breisig.de\/wp-content\/uploads\/2019\/06\/M\u00e4rchenwald-Buch-2019-5-18.3.2019_077-1.jpg\"><img decoding=\"async\" loading=\"lazy\" width=\"1024\" height=\"723\" data-id=\"912\"  src=\"https:\/\/maerchenwald-bad-breisig.de\/wp-content\/uploads\/2019\/06\/M\u00e4rchenwald-Buch-2019-5-18.3.2019_077-1-1024x723.jpg\" alt=\"\" class=\"wp-image-912\" srcset=\"http:\/\/alt.maerchenwald-bad-breisig.de\/wp-content\/uploads\/2019\/06\/M\u00e4rchenwald-Buch-2019-5-18.3.2019_077-1-1024x723.jpg 1024w, http:\/\/alt.maerchenwald-bad-breisig.de\/wp-content\/uploads\/2019\/06\/M\u00e4rchenwald-Buch-2019-5-18.3.2019_077-1-300x212.jpg 300w, http:\/\/alt.maerchenwald-bad-breisig.de\/wp-content\/uploads\/2019\/06\/M\u00e4rchenwald-Buch-2019-5-18.3.2019_077-1-768x542.jpg 768w\" sizes=\"(max-width: 1024px) 100vw, 1024px\" \/><\/a><\/figure>\n\n\n\n<figure class=\"wp-block-image size-large\"><a href=\"https:\/\/maerchenwald-bad-breisig.de\/wp-content\/uploads\/2019\/06\/M\u00e4rchenwald-Buch-2019-5-18.3.2019_02-2.jpg\"><img decoding=\"async\" loading=\"lazy\" width=\"1024\" height=\"723\" data-id=\"914\"  src=\"https:\/\/maerchenwald-bad-breisig.de\/wp-content\/uploads\/2019\/06\/M\u00e4rchenwald-Buch-2019-5-18.3.2019_02-2-1024x723.jpg\" alt=\"\" class=\"wp-image-914\" srcset=\"http:\/\/alt.maerchenwald-bad-breisig.de\/wp-content\/uploads\/2019\/06\/M\u00e4rchenwald-Buch-2019-5-18.3.2019_02-2-1024x723.jpg 1024w, http:\/\/alt.maerchenwald-bad-breisig.de\/wp-content\/uploads\/2019\/06\/M\u00e4rchenwald-Buch-2019-5-18.3.2019_02-2-300x212.jpg 300w, http:\/\/alt.maerchenwald-bad-breisig.de\/wp-content\/uploads\/2019\/06\/M\u00e4rchenwald-Buch-2019-5-18.3.2019_02-2-768x542.jpg 768w\" sizes=\"(max-width: 1024px) 100vw, 1024px\" \/><\/a><\/figure>\n\n\n\n<figure class=\"wp-block-image size-large\"><a href=\"https:\/\/maerchenwald-bad-breisig.de\/wp-content\/uploads\/2019\/06\/M\u00e4rchenwald-Buch-2019-5-18.3.2019_04-3.jpg\"><img decoding=\"async\" loading=\"lazy\" width=\"1024\" height=\"723\" data-id=\"915\"  src=\"https:\/\/maerchenwald-bad-breisig.de\/wp-content\/uploads\/2019\/06\/M\u00e4rchenwald-Buch-2019-5-18.3.2019_04-3-1024x723.jpg\" alt=\"\" class=\"wp-image-915\" srcset=\"http:\/\/alt.maerchenwald-bad-breisig.de\/wp-content\/uploads\/2019\/06\/M\u00e4rchenwald-Buch-2019-5-18.3.2019_04-3-1024x723.jpg 1024w, http:\/\/alt.maerchenwald-bad-breisig.de\/wp-content\/uploads\/2019\/06\/M\u00e4rchenwald-Buch-2019-5-18.3.2019_04-3-300x212.jpg 300w, http:\/\/alt.maerchenwald-bad-breisig.de\/wp-content\/uploads\/2019\/06\/M\u00e4rchenwald-Buch-2019-5-18.3.2019_04-3-768x542.jpg 768w\" sizes=\"(max-width: 1024px) 100vw, 1024px\" \/><\/a><\/figure>\n\n\n\n<figure class=\"wp-block-image size-large\"><a href=\"https:\/\/maerchenwald-bad-breisig.de\/wp-content\/uploads\/2019\/06\/M\u00e4rchenwald-Buch-2019-5-18.3.2019_01-2.jpg\"><img decoding=\"async\" loading=\"lazy\" width=\"1024\" height=\"723\" data-id=\"916\"  src=\"https:\/\/maerchenwald-bad-breisig.de\/wp-content\/uploads\/2019\/06\/M\u00e4rchenwald-Buch-2019-5-18.3.2019_01-2-1024x723.jpg\" alt=\"\" class=\"wp-image-916\" srcset=\"http:\/\/alt.maerchenwald-bad-breisig.de\/wp-content\/uploads\/2019\/06\/M\u00e4rchenwald-Buch-2019-5-18.3.2019_01-2-1024x723.jpg 1024w, http:\/\/alt.maerchenwald-bad-breisig.de\/wp-content\/uploads\/2019\/06\/M\u00e4rchenwald-Buch-2019-5-18.3.2019_01-2-300x212.jpg 300w, http:\/\/alt.maerchenwald-bad-breisig.de\/wp-content\/uploads\/2019\/06\/M\u00e4rchenwald-Buch-2019-5-18.3.2019_01-2-768x542.jpg 768w\" sizes=\"(max-width: 1024px) 100vw, 1024px\" \/><\/a><\/figure>\n\n\n\n<figure class=\"wp-block-image size-large\"><a href=\"https:\/\/maerchenwald-bad-breisig.de\/wp-content\/uploads\/2019\/06\/M\u00e4rchenwald-Buch-2019-5-18.3.2019_08-1.jpg\"><img decoding=\"async\" loading=\"lazy\" width=\"1024\" height=\"723\" data-id=\"917\"  src=\"https:\/\/maerchenwald-bad-breisig.de\/wp-content\/uploads\/2019\/06\/M\u00e4rchenwald-Buch-2019-5-18.3.2019_08-1-1024x723.jpg\" alt=\"\" class=\"wp-image-917\" srcset=\"http:\/\/alt.maerchenwald-bad-breisig.de\/wp-content\/uploads\/2019\/06\/M\u00e4rchenwald-Buch-2019-5-18.3.2019_08-1-1024x723.jpg 1024w, http:\/\/alt.maerchenwald-bad-breisig.de\/wp-content\/uploads\/2019\/06\/M\u00e4rchenwald-Buch-2019-5-18.3.2019_08-1-300x212.jpg 300w, http:\/\/alt.maerchenwald-bad-breisig.de\/wp-content\/uploads\/2019\/06\/M\u00e4rchenwald-Buch-2019-5-18.3.2019_08-1-768x542.jpg 768w\" sizes=\"(max-width: 1024px) 100vw, 1024px\" \/><\/a><\/figure>\n\n\n\n<figure class=\"wp-block-image size-large\"><a href=\"https:\/\/maerchenwald-bad-breisig.de\/wp-content\/uploads\/2019\/06\/M\u00e4rchenwald-Buch-2019-5-18.3.2019_05-3.jpg\"><img decoding=\"async\" loading=\"lazy\" width=\"1024\" height=\"723\" data-id=\"918\"  src=\"https:\/\/maerchenwald-bad-breisig.de\/wp-content\/uploads\/2019\/06\/M\u00e4rchenwald-Buch-2019-5-18.3.2019_05-3-1024x723.jpg\" alt=\"\" class=\"wp-image-918\" srcset=\"http:\/\/alt.maerchenwald-bad-breisig.de\/wp-content\/uploads\/2019\/06\/M\u00e4rchenwald-Buch-2019-5-18.3.2019_05-3-1024x723.jpg 1024w, http:\/\/alt.maerchenwald-bad-breisig.de\/wp-content\/uploads\/2019\/06\/M\u00e4rchenwald-Buch-2019-5-18.3.2019_05-3-300x212.jpg 300w, http:\/\/alt.maerchenwald-bad-breisig.de\/wp-content\/uploads\/2019\/06\/M\u00e4rchenwald-Buch-2019-5-18.3.2019_05-3-768x542.jpg 768w\" sizes=\"(max-width: 1024px) 100vw, 1024px\" \/><\/a><\/figure>\n<\/figure>\n\n\n\n<p class=\"has-text-align-center has-small-font-size\">(zum Vergr\u00f6\u00dfern bitte die jeweilige Doppelseite anklicken)<\/p>\n\n\n\n<p class=\"has-text-align-center\">Format 24 x 17 cm, 171 Seiten, gebunden, zahlreiche farbige Abbildungen , 17,00 Euro<\/p>\n\n\n\n<p>Wir hoffen und w\u00fcnschen uns, dass sowohl die kleinen als auch die gro\u00dfen Leser an unserem Buch ihre Freude haben. <\/p>\n\n\n\n<p>Erh\u00e4ltlich ist es f\u00fcr unsere G\u00e4ste w\u00e4hrend der <a href=\"http:\/\/maerchenwald-bad-breisig.de\/?page_id=172\">\u00d6ffnungszeiten<\/a> auf der Terrasse des M\u00e4rchenwalds Bad Breisig.<\/p>\n\n\n\n<p>Selbstverst\u00e4ndlich k\u00f6nnen Sie das Buch auch auf dem Postweg erwerben. Teilen Sie uns Anschrift und gew\u00fcnschte Anzahl \u00fcber  <a href=\"mailto:Bestellung@Maerchenwald-Bad-Breisig.de\">Bestellung@Maerchenwald-Bad-Breisig.de<\/a> mit. Mit Ihrer Bestellung willigen Sie in die Verarbeitung Ihrer Daten zum Zwecke des Postversands ein. Wir versenden nach Vorkasse. \u00dcberweisen Sie bitte 17,00 Euro pro Buch plus eine Versandkostenpauschale von 5,00 Euro (Versand innerhalb Deutschlands) auf das Kreissparkassen-Konto:<\/p>\n\n\n\n<p>Heinz Pinnen M\u00e4rchenwald, IBAN: DE95 5775 1310 0007 9045 19, Verwendungszweck: M\u00e4rchenwald-Buch<\/p>\n\n\n\n<p>Die Versandkosten betragen pro Sendung stets 5,00 Euro, ganz gleich wie viele B\u00fccher Sie bestellen. Wir teilen Ihnen Versandunternehmen und Sendungsnummer mit, damit Sie Ihre Bestellung verfolgen k\u00f6nnen.<\/p>\n\n\n\n<p>Ein Versand ins Ausland ist auf Anfrage ebenfalls m\u00f6glich.<\/p>\n\n\n\n<p><\/p>\n\n\n\n<p><\/p>\n\n\n\n<p><\/p>\n","protected":false},"excerpt":{"rendered":"<p>Dieser Vers ist seit 1934 in unsere Motto-Tafel am Beginn des M\u00e4rchenwald-Weges eingraviert. So ergab sich der Titel unseres M\u00e4rchenwald-Buchs eigentlich von selbst: \u201eEs war einmal &#8230; M\u00e4rchen aus dem M\u00e4rchenwald Bad Breisig\u201c Es beinhaltet alle zw\u00f6lf Grimmschen M\u00e4rchen, die im M\u00e4rchenwald Bad Breisig dargeboten werden, nacherz\u00e4hlt und illustriert vom Maler Willy Zeh (1939-2021), dem &hellip; <a href=\"http:\/\/alt.maerchenwald-bad-breisig.de\/?page_id=880\" class=\"more-link\"><span class=\"screen-reader-text\">Das M\u00e4rchenwald-Buch<\/span> weiterlesen <span class=\"meta-nav\">&rarr;<\/span><\/a><\/p>\n","protected":false},"author":2,"featured_media":946,"parent":0,"menu_order":0,"comment_status":"closed","ping_status":"closed","template":"","meta":[],"_links":{"self":[{"href":"http:\/\/alt.maerchenwald-bad-breisig.de\/index.php?rest_route=\/wp\/v2\/pages\/880"}],"collection":[{"href":"http:\/\/alt.maerchenwald-bad-breisig.de\/index.php?rest_route=\/wp\/v2\/pages"}],"about":[{"href":"http:\/\/alt.maerchenwald-bad-breisig.de\/index.php?rest_route=\/wp\/v2\/types\/page"}],"author":[{"embeddable":true,"href":"http:\/\/alt.maerchenwald-bad-breisig.de\/index.php?rest_route=\/wp\/v2\/users\/2"}],"replies":[{"embeddable":true,"href":"http:\/\/alt.maerchenwald-bad-breisig.de\/index.php?rest_route=%2Fwp%2Fv2%2Fcomments&post=880"}],"version-history":[{"count":50,"href":"http:\/\/alt.maerchenwald-bad-breisig.de\/index.php?rest_route=\/wp\/v2\/pages\/880\/revisions"}],"predecessor-version":[{"id":2437,"href":"http:\/\/alt.maerchenwald-bad-breisig.de\/index.php?rest_route=\/wp\/v2\/pages\/880\/revisions\/2437"}],"wp:featuredmedia":[{"embeddable":true,"href":"http:\/\/alt.maerchenwald-bad-breisig.de\/index.php?rest_route=\/wp\/v2\/media\/946"}],"wp:attachment":[{"href":"http:\/\/alt.maerchenwald-bad-breisig.de\/index.php?rest_route=%2Fwp%2Fv2%2Fmedia&parent=880"}],"curies":[{"name":"wp","href":"https:\/\/api.w.org\/{rel}","templated":true}]}}