{"id":4,"date":"2015-01-16T15:01:56","date_gmt":"2015-01-16T15:01:56","guid":{"rendered":"http:\/\/maerchenwald-bad-breisig.de\/?page_id=4"},"modified":"2024-09-16T14:13:53","modified_gmt":"2024-09-16T14:13:53","slug":"impressum","status":"publish","type":"page","link":"http:\/\/alt.maerchenwald-bad-breisig.de\/?page_id=4","title":{"rendered":"Kontakt \/ Anfahrt"},"content":{"rendered":"<p><b>M\u00e4rchenwald Bad Breisig<\/b><\/p>\n<p>Inhaber: Heinz Pinnen<br \/>Am Kesselberg<br \/>53498 Bad Breisig<\/p>\n<ul>\n<li>Telefon: 0160 96545054<\/li>\n<li>E-Mail: info@maerchenwald-bad-breisig.de<\/li>\n<li>Internet:\u00a0<a href=\"http:\/\/www.maerchenwald-bad-breisig.de\/\">www.maerchenwald-bad-breisig.de<\/a><\/li>\n<\/ul>\n<p><a href=\"http:\/\/maerchenwald-bad-breisig.de\/wp-content\/uploads\/2015\/01\/Aussicht_mit_Blasen.jpg\"><img decoding=\"async\" loading=\"lazy\" class=\"wp-image-11 size-full alignnone\" src=\"http:\/\/maerchenwald-bad-breisig.de\/wp-content\/uploads\/2015\/01\/Aussicht_mit_Blasen.jpg\" alt=\"\" width=\"983\" height=\"425\" srcset=\"http:\/\/alt.maerchenwald-bad-breisig.de\/wp-content\/uploads\/2015\/01\/Aussicht_mit_Blasen.jpg 983w, http:\/\/alt.maerchenwald-bad-breisig.de\/wp-content\/uploads\/2015\/01\/Aussicht_mit_Blasen-300x130.jpg 300w\" sizes=\"(max-width: 983px) 100vw, 983px\" \/><\/a><\/p>\n<p>Zust\u00e4ndige Aufsichtsbeh\u00f6rde: Gewerbeamt Stadt Bad Breisig<\/p>\n<p style=\"text-align: center;\">____________________<\/p>\n<p style=\"text-align: left;\"><b>Haftungshinweis<\/b>:<\/p>\n<p>Trotz sorgf\u00e4ltiger inhaltlicher Kontrolle \u00fcbernehmen wir keine Haftung f\u00fcr die Inhalte externer Links. F\u00fcr den Inhalt der verlinkten Seiten sind ausschlie\u00dflich deren Betreiber verantwortlich.<\/p>\n<p style=\"text-align: center;\">____________________<\/p>\n<p><b>So finden Sie den M\u00e4rchenwald in Bad Breisig:<\/b><\/p>\n<p>Bad Breisig liegt linksrheinisch am n\u00f6rdlichen Mittelrhein oberhalb der Ahrm\u00fcndung zwischen Bonn und Koblenz. Die Bundesstra\u00dfe 9 (B 9) f\u00fchrt Sie direkt zu uns.<\/p>\n<p><a href=\"http:\/\/maerchenwald-bad-breisig.de\/wp-content\/uploads\/2015\/01\/plan1.jpg\"><img decoding=\"async\" loading=\"lazy\" class=\"wp-image-119  aligncenter\" src=\"http:\/\/maerchenwald-bad-breisig.de\/wp-content\/uploads\/2015\/01\/plan1.jpg\" alt=\"plan\" width=\"350\" height=\"574\" srcset=\"http:\/\/alt.maerchenwald-bad-breisig.de\/wp-content\/uploads\/2015\/01\/plan1.jpg 240w, http:\/\/alt.maerchenwald-bad-breisig.de\/wp-content\/uploads\/2015\/01\/plan1-183x300.jpg 183w\" sizes=\"(max-width: 350px) 100vw, 350px\" \/><\/a><\/p>\n<ul>\n<li><u>Aus Richtung Bonn:<\/u> Ortseinfahrt &#8222;Nord&#8220;, erste Ampel rechts (bei Verg\u00f6lst) \u2192 Am Kesselberg, ausgeschilderter M\u00e4rchenwald-Parkplatz links (Ecke Gartenstra\u00dfe\/Am Kesselberg)<\/li>\n<li><u>Aus Richtung Koblenz:<\/u> Ortseinfahrt &#8222;S\u00fcd&#8220;, Koblenzer \/ Zehnerstra\u00dfe (B 9) bis Ende folgen, Ampel links (vor Verg\u00f6lst) \u2192 Am Kesselberg, ausgeschilderter M\u00e4rchenwald-Parkplatz links<\/li>\n<li>Von Parkplatz zu Fu\u00df unter Bahn-Unterf\u00fchrung hindurch<\/li>\n<li>Direkt nach Unterf\u00fchrung links Treppe hoch und Weg an Bahnstrecke ca. 100 m bis Eingang M\u00e4rchenwald folgen<\/li>\n<\/ul>\n<div align=\"left\">\n<p><u>Bahnreisende<\/u> verlassen den Bahnhof Bad Breisig in Richtung Koblenzer Stra\u00dfe (B 9) und k\u00f6nnen sich an der Wegbeschreibung &#8222;aus Richtung Koblenz&#8220; orientieren (ca. 2 km). K\u00fcrzer und angenehmer ist u. a. folgende Route (ca. 1,7 km):<\/p>\n<ul>\n<li>Von Bahnhof auf Koblenzer Stra\u00dfe in n\u00f6rdlicher Richtung bis Kirche St. Marien, nach St. Marien links in Bachstra\u00dfe<\/li>\n<li>Rechts in Grabenstra\u00dfe, nach 200 m links \u00fcber Fu\u00dfg\u00e4nger\u00fcberf\u00fchrung<\/li>\n<li>Direkt nach \u00dcberf\u00fchrung scharf rechts in An der Lay, an Bahnstrecke entlang bis Eingang M\u00e4rchenwald<\/li>\n<\/ul>\n<p><u>Schiffspassagiere<\/u> nehmen von der Anlegestelle\/dem Rheinufer vorzugsweise folgenden Weg:<\/p>\n<ul>\n<li>Biergasse hinauf bis Zehner-\/Koblenzer Stra\u00dfe, Fu\u00dfg\u00e4ngerunterf\u00fchrung (B 9) auf andere Stra\u00dfenseite<\/li>\n<li>Bachstra\u00dfe geradeaus, erneut durch Fu\u00dfg\u00e4ngerunterf\u00fchrung (Bahn), auf anderer Seite Bachstra\u00dfe weiter geradeaus<\/li>\n<li>Rechts in Vogelsangstra\u00dfe, nach 100 m rechts in An der Lay, an Bahnstrecke entlang bis Eingang M\u00e4rchenwald<\/li>\n<\/ul>\n<p>Wer <u>mit dem Bus<\/u> aus Bad Neuenahr\/Niederzissen etc. anreist (Linie 800\/801), steigt entweder<\/p>\n<ul>\n<li>an der Haltestelle Am Kesselberg aus, \u00fcberquert an der Ampel (bei Verg\u00f6lst) die Zehnerstra\u00dfe, biegt in Am Kesselberg ein, l\u00e4uft am M\u00e4rchenwald-Parkplatz vorbei unter der Bahn-Unterf\u00fchrung hindurch und dann direkt links die Treppe hinauf an der Bahnstrecke entlang zum Eingang M\u00e4rchenwald, oder steigt<\/li>\n<li>an der Haltestelle Vogelsang aus, biegt von der Vogelsangstra\u00dfe rechts in An der Lay ein und l\u00e4uft an der Bahnstrecke entlang bis zum Eingang M\u00e4rchenwald.<\/li>\n<\/ul>\n<\/div>\n\n<div class=\"wp-block-image is-style-default\">\n<figure class=\"aligncenter size-large\"><a href=\"https:\/\/maerchenwald-bad-breisig.de\/wp-content\/uploads\/2024\/09\/Stadtplan-Bad-Breisig-OpenStreetMap-Massstab-1-zu-4350-1.jpg\"><img decoding=\"async\" loading=\"lazy\" width=\"979\" height=\"1024\" src=\"https:\/\/maerchenwald-bad-breisig.de\/wp-content\/uploads\/2024\/09\/Stadtplan-Bad-Breisig-OpenStreetMap-Massstab-1-zu-4350-1-979x1024.jpg\" alt=\"\" class=\"wp-image-2448\" srcset=\"http:\/\/alt.maerchenwald-bad-breisig.de\/wp-content\/uploads\/2024\/09\/Stadtplan-Bad-Breisig-OpenStreetMap-Massstab-1-zu-4350-1-979x1024.jpg 979w, http:\/\/alt.maerchenwald-bad-breisig.de\/wp-content\/uploads\/2024\/09\/Stadtplan-Bad-Breisig-OpenStreetMap-Massstab-1-zu-4350-1-287x300.jpg 287w, http:\/\/alt.maerchenwald-bad-breisig.de\/wp-content\/uploads\/2024\/09\/Stadtplan-Bad-Breisig-OpenStreetMap-Massstab-1-zu-4350-1-768x804.jpg 768w, http:\/\/alt.maerchenwald-bad-breisig.de\/wp-content\/uploads\/2024\/09\/Stadtplan-Bad-Breisig-OpenStreetMap-Massstab-1-zu-4350-1-1468x1536.jpg 1468w, http:\/\/alt.maerchenwald-bad-breisig.de\/wp-content\/uploads\/2024\/09\/Stadtplan-Bad-Breisig-OpenStreetMap-Massstab-1-zu-4350-1.jpg 1941w\" sizes=\"(max-width: 979px) 100vw, 979px\" \/><\/a><figcaption class=\"wp-element-caption\">Zum Vergr\u00f6\u00dfern bitte auf den Stadtplan klicken<\/figcaption><\/figure><\/div>\n\n\n<p class=\"has-text-align-center\">____________________<\/p>\n\n\n\n<p class=\"has-black-color has-text-color\"><strong>G\u00f6nnen Sie sich einen m\u00e4rchenhaften Ausflug in die Natur &#8230;<\/strong><br>Wir freuen uns auf Ihren Besuch! <a href=\"http:\/\/maerchenwald-bad-breisig.de\/?page_id=1409\">Hunde<\/a> sind uns stets willkommen.&nbsp;Bitte beachten Sie unsere Informationen zur <a href=\"http:\/\/maerchenwald-bad-breisig.de\/?page_id=1409\">Barrierefreiheit<\/a>.&nbsp;<\/p>\n\n\n\n<p class=\"has-text-align-center\">____________________<\/p>\n\n\n<div id=\"wcom-17f7eff2bb0118ef20c632a02ec4e9b2\" class=\"wcom-default w300x250\" style=\"border: 1px solid rgb(82, 181, 19); background-color: rgb(252, 252, 252); border-radius: 5px;\"><link rel=\"stylesheet\" href=\"\/\/cs3.wettercomassets.com\/woys\/5\/css\/w.css\" media=\"all\">\n<div class=\"wcom-city\"><a style=\"color: #000\" href=\"https:\/\/www.wetter.com\/deutschland\/bad_breisig\/DE0000600.html\" target=\"_blank\" rel=\"nofollow noopener noreferrer\" aria-label=\"Wetter Berlin\" title=\"Wetter Bad Breisig\">Wetter Bad Breisig<\/a><\/div>\n<div id=\"wcom-17f7eff2bb0118ef20c632a02ec4e9b2-weather\"><\/div>\n<p><script type=\"text\/javascript\" src=\"\/\/cs3.wettercomassets.com\/woys\/5\/js\/w.js\"><\/script><script type=\"text\/javascript\">_wcomWidget({id: 'wcom-17f7eff2bb0118ef20c632a02ec4e9b2',location: 'DE0000600',format: '300x250',type: 'spaces'});<\/script><\/p>\n<\/div>\n\n\n<p class=\"has-text-align-center has-white-color has-text-color\">____________________<\/p>\n","protected":false},"excerpt":{"rendered":"<p>M\u00e4rchenwald Bad Breisig Inhaber: Heinz PinnenAm Kesselberg53498 Bad Breisig Telefon: 0160 96545054 E-Mail: info@maerchenwald-bad-breisig.de Internet:\u00a0www.maerchenwald-bad-breisig.de Zust\u00e4ndige Aufsichtsbeh\u00f6rde: Gewerbeamt Stadt Bad Breisig ____________________ Haftungshinweis: Trotz sorgf\u00e4ltiger inhaltlicher Kontrolle \u00fcbernehmen wir keine Haftung f\u00fcr die Inhalte externer Links. F\u00fcr den Inhalt der verlinkten Seiten sind ausschlie\u00dflich deren Betreiber verantwortlich. ____________________ So finden Sie den M\u00e4rchenwald in Bad &hellip; <a href=\"http:\/\/alt.maerchenwald-bad-breisig.de\/?page_id=4\" class=\"more-link\"><span class=\"screen-reader-text\">Kontakt \/ Anfahrt<\/span> weiterlesen <span class=\"meta-nav\">&rarr;<\/span><\/a><\/p>\n","protected":false},"author":1,"featured_media":240,"parent":0,"menu_order":0,"comment_status":"closed","ping_status":"closed","template":"","meta":[],"_links":{"self":[{"href":"http:\/\/alt.maerchenwald-bad-breisig.de\/index.php?rest_route=\/wp\/v2\/pages\/4"}],"collection":[{"href":"http:\/\/alt.maerchenwald-bad-breisig.de\/index.php?rest_route=\/wp\/v2\/pages"}],"about":[{"href":"http:\/\/alt.maerchenwald-bad-breisig.de\/index.php?rest_route=\/wp\/v2\/types\/page"}],"author":[{"embeddable":true,"href":"http:\/\/alt.maerchenwald-bad-breisig.de\/index.php?rest_route=\/wp\/v2\/users\/1"}],"replies":[{"embeddable":true,"href":"http:\/\/alt.maerchenwald-bad-breisig.de\/index.php?rest_route=%2Fwp%2Fv2%2Fcomments&post=4"}],"version-history":[{"count":44,"href":"http:\/\/alt.maerchenwald-bad-breisig.de\/index.php?rest_route=\/wp\/v2\/pages\/4\/revisions"}],"predecessor-version":[{"id":2454,"href":"http:\/\/alt.maerchenwald-bad-breisig.de\/index.php?rest_route=\/wp\/v2\/pages\/4\/revisions\/2454"}],"wp:featuredmedia":[{"embeddable":true,"href":"http:\/\/alt.maerchenwald-bad-breisig.de\/index.php?rest_route=\/wp\/v2\/media\/240"}],"wp:attachment":[{"href":"http:\/\/alt.maerchenwald-bad-breisig.de\/index.php?rest_route=%2Fwp%2Fv2%2Fmedia&parent=4"}],"curies":[{"name":"wp","href":"https:\/\/api.w.org\/{rel}","templated":true}]}}