{"id":184,"date":"2015-01-16T16:51:14","date_gmt":"2015-01-16T16:51:14","guid":{"rendered":"http:\/\/maerchenwald-bad-breisig.de\/?page_id=184"},"modified":"2025-08-03T20:23:04","modified_gmt":"2025-08-03T20:23:04","slug":"unser-maerchenwald-2","status":"publish","type":"page","link":"http:\/\/alt.maerchenwald-bad-breisig.de\/?page_id=184","title":{"rendered":"Unser M\u00e4rchenwald"},"content":{"rendered":"<p style=\"text-align: center;\"><strong><span class=\"TXTHeadline\">Willkommen im M\u00e4rchenwald Bad Breisig!<\/span><\/strong><br \/><strong>G\u00f6nnen Sie sich einen m\u00e4rchenhaften Tag in der Natur und bewundern Sie die Sch\u00f6nheit des sagenumwobenen Mittelrheins<span class=\"TXTBigBody\">.<\/span><\/strong><\/p>\n<p>In unserem M\u00e4rchenwald finden Sie eine Auswahl der sch\u00f6nsten Grimmschen M\u00e4rchen. Der K\u00fcnstler Willy Zeh (1939-2021) hat diese aus alten Vorlagen kindgerecht und mit vielen liebevollen Details in Szene gesetzt. Die beweglichen und sprechenden Figuren sind handgearbeitet.<\/p>\n<p>Per Knopfdruck erz\u00e4hlen die Figuren jeweils eine Szene aus dem M\u00e4rchen, und kein geringerer als\u00a0<a title=\"http:\/\/www.beikircher.de\/\" href=\"http:\/\/www.beikircher.de\/\" target=\"_blank\" rel=\"noopener noreferrer\">Konrad Beikircher<\/a> hat ihnen seine Stimme geliehen. Ein Video \u00fcber unseren M\u00e4rchenwald \u00a0finden Sie auf <a href=\"https:\/\/www.youtube.com\/watch?v=sZSMDO5JeK8\" target=\"_blank\" rel=\"noopener noreferrer\">YouTube<\/a>, einen Beitrag der Lokalzeit (WDR) bzw. Landesschau (SWR) in der <a href=\"https:\/\/www.ardmediathek.de\/video\/landesschau-rheinland-pfalz\/nachfolger-fuer-maerchenwald-in-bad-breisig-gesucht\/swr-rp\/Y3JpZDovL3N3ci5kZS9hZXgvbzIyNTY4Nzc\" target=\"_blank\" rel=\"noopener\">ARD-Mediathek<\/a>. Viel Spa\u00df beim Anschauen!<\/p>\n<p>Wir pr\u00e4sentieren folgende zw\u00f6lf M\u00e4rchen sowie eine Szene aus Wilhelm Buschs \u201eMax und Moritz\u201c:<\/p>\n<p><strong><img decoding=\"async\" loading=\"lazy\" class=\"alignright wp-image-1382\" src=\"http:\/\/maerchenwald-bad-breisig.de\/wp-content\/uploads\/2021\/03\/Bild-Nr.-006-300x201.jpg\" alt=\"\" width=\"200\" height=\"134\" srcset=\"http:\/\/alt.maerchenwald-bad-breisig.de\/wp-content\/uploads\/2021\/03\/Bild-Nr.-006-300x201.jpg 300w, http:\/\/alt.maerchenwald-bad-breisig.de\/wp-content\/uploads\/2021\/03\/Bild-Nr.-006-1024x685.jpg 1024w, http:\/\/alt.maerchenwald-bad-breisig.de\/wp-content\/uploads\/2021\/03\/Bild-Nr.-006-768x514.jpg 768w, http:\/\/alt.maerchenwald-bad-breisig.de\/wp-content\/uploads\/2021\/03\/Bild-Nr.-006-1536x1028.jpg 1536w, http:\/\/alt.maerchenwald-bad-breisig.de\/wp-content\/uploads\/2021\/03\/Bild-Nr.-006-2048x1371.jpg 2048w\" sizes=\"(max-width: 200px) 100vw, 200px\" \/><span style=\"color: #008000;\">Rumpelstilzchen<\/span><\/strong><\/p>\n<p><span style=\"color: #808080;\"><em>Ui, ein seltsames M\u00e4nnlein, das mitten im d\u00fcsteren Wald ums Feuer tanzt! Noch seltsamer ist allerdings sein Name &#8230;<\/em><\/span><\/p>\n<p><strong><img decoding=\"async\" loading=\"lazy\" class=\"alignleft wp-image-1383\" src=\"http:\/\/maerchenwald-bad-breisig.de\/wp-content\/uploads\/2021\/03\/Bild-Nr.-010-300x200.jpg\" alt=\"\" width=\"200\" height=\"133\" srcset=\"http:\/\/alt.maerchenwald-bad-breisig.de\/wp-content\/uploads\/2021\/03\/Bild-Nr.-010-300x200.jpg 300w, http:\/\/alt.maerchenwald-bad-breisig.de\/wp-content\/uploads\/2021\/03\/Bild-Nr.-010-1024x683.jpg 1024w, http:\/\/alt.maerchenwald-bad-breisig.de\/wp-content\/uploads\/2021\/03\/Bild-Nr.-010-768x512.jpg 768w, http:\/\/alt.maerchenwald-bad-breisig.de\/wp-content\/uploads\/2021\/03\/Bild-Nr.-010-1536x1024.jpg 1536w, http:\/\/alt.maerchenwald-bad-breisig.de\/wp-content\/uploads\/2021\/03\/Bild-Nr.-010-2048x1365.jpg 2048w\" sizes=\"(max-width: 200px) 100vw, 200px\" \/><span style=\"color: #008000;\">Der gestiefelte Kater<\/span> <\/strong><\/p>\n<p><span style=\"color: #808080;\"><em>Mit Schmeicheleien bringt der Kater den Zauberer dazu, sich in eine Maus zu verwandeln. Ob das f\u00fcr die Maus gut ausgeht?<\/em><\/span><\/p>\n<p><strong><img decoding=\"async\" loading=\"lazy\" class=\"alignright wp-image-1384\" src=\"http:\/\/maerchenwald-bad-breisig.de\/wp-content\/uploads\/2021\/03\/Maerchenwald-Bad-Breisig-20151378-300x199.jpg\" alt=\"\" width=\"200\" height=\"132\" srcset=\"http:\/\/alt.maerchenwald-bad-breisig.de\/wp-content\/uploads\/2021\/03\/Maerchenwald-Bad-Breisig-20151378-300x199.jpg 300w, http:\/\/alt.maerchenwald-bad-breisig.de\/wp-content\/uploads\/2021\/03\/Maerchenwald-Bad-Breisig-20151378-1024x678.jpg 1024w, http:\/\/alt.maerchenwald-bad-breisig.de\/wp-content\/uploads\/2021\/03\/Maerchenwald-Bad-Breisig-20151378-768x509.jpg 768w, http:\/\/alt.maerchenwald-bad-breisig.de\/wp-content\/uploads\/2021\/03\/Maerchenwald-Bad-Breisig-20151378-1536x1017.jpg 1536w, http:\/\/alt.maerchenwald-bad-breisig.de\/wp-content\/uploads\/2021\/03\/Maerchenwald-Bad-Breisig-20151378.jpg 2048w\" sizes=\"(max-width: 200px) 100vw, 200px\" \/><span style=\"color: #008000;\">Max und Moritz<\/span><\/strong><\/p>\n<p><span style=\"color: #808080;\"><em>\u00dcber sieben Br\u00fccken musst du gehen? Schneider B\u00f6ck schafft nicht einmal eine. Daf\u00fcr sorgen die beiden frechen Bengel &#8230;<\/em><\/span><\/p>\n<p><img decoding=\"async\" loading=\"lazy\" class=\"alignleft wp-image-1385\" src=\"http:\/\/maerchenwald-bad-breisig.de\/wp-content\/uploads\/2021\/03\/17884-300x199.jpg\" alt=\"\" width=\"200\" height=\"132\" srcset=\"http:\/\/alt.maerchenwald-bad-breisig.de\/wp-content\/uploads\/2021\/03\/17884-300x199.jpg 300w, http:\/\/alt.maerchenwald-bad-breisig.de\/wp-content\/uploads\/2021\/03\/17884-1024x678.jpg 1024w, http:\/\/alt.maerchenwald-bad-breisig.de\/wp-content\/uploads\/2021\/03\/17884-768x509.jpg 768w, http:\/\/alt.maerchenwald-bad-breisig.de\/wp-content\/uploads\/2021\/03\/17884-1536x1017.jpg 1536w, http:\/\/alt.maerchenwald-bad-breisig.de\/wp-content\/uploads\/2021\/03\/17884.jpg 2048w\" sizes=\"(max-width: 200px) 100vw, 200px\" \/><span style=\"color: #008000;\"><strong>H\u00e4nsel und Gretel<\/strong><\/span><\/p>\n<p><span style=\"color: #808080;\"><em>O weh, die Hexe hat H\u00e4nsel eingesperrt und will ihn sogar essen! Jetzt kann ihm nur noch seine Schwester Gretel helfen &#8230;<\/em><\/span><\/p>\n<p><strong><img decoding=\"async\" loading=\"lazy\" class=\"alignright wp-image-1386\" src=\"http:\/\/maerchenwald-bad-breisig.de\/wp-content\/uploads\/2021\/03\/Bild-Nr.-021-300x201.jpg\" alt=\"\" width=\"200\" height=\"134\" srcset=\"http:\/\/alt.maerchenwald-bad-breisig.de\/wp-content\/uploads\/2021\/03\/Bild-Nr.-021-300x201.jpg 300w, http:\/\/alt.maerchenwald-bad-breisig.de\/wp-content\/uploads\/2021\/03\/Bild-Nr.-021-1024x685.jpg 1024w, http:\/\/alt.maerchenwald-bad-breisig.de\/wp-content\/uploads\/2021\/03\/Bild-Nr.-021-768x514.jpg 768w, http:\/\/alt.maerchenwald-bad-breisig.de\/wp-content\/uploads\/2021\/03\/Bild-Nr.-021-1536x1028.jpg 1536w, http:\/\/alt.maerchenwald-bad-breisig.de\/wp-content\/uploads\/2021\/03\/Bild-Nr.-021-2048x1371.jpg 2048w\" sizes=\"(max-width: 200px) 100vw, 200px\" \/><span style=\"color: #008000;\">Dornr\u00f6schen<\/span><\/strong><\/p>\n<p><span style=\"color: #808080;\"><em>100 Jahre Sch\u00f6nheitsschlaf! Kein Wunder, dass sich der Prinz auf den ersten Blick in das bezaubernde Dornr\u00f6schen verliebt &#8230;<\/em><\/span><\/p>\n<p><strong><img decoding=\"async\" loading=\"lazy\" class=\"alignleft wp-image-1387\" src=\"http:\/\/maerchenwald-bad-breisig.de\/wp-content\/uploads\/2021\/03\/Maerchenwald-Bad-Breisig-201513719-300x199.jpg\" alt=\"\" width=\"200\" height=\"132\" srcset=\"http:\/\/alt.maerchenwald-bad-breisig.de\/wp-content\/uploads\/2021\/03\/Maerchenwald-Bad-Breisig-201513719-300x199.jpg 300w, http:\/\/alt.maerchenwald-bad-breisig.de\/wp-content\/uploads\/2021\/03\/Maerchenwald-Bad-Breisig-201513719-1024x678.jpg 1024w, http:\/\/alt.maerchenwald-bad-breisig.de\/wp-content\/uploads\/2021\/03\/Maerchenwald-Bad-Breisig-201513719-768x509.jpg 768w, http:\/\/alt.maerchenwald-bad-breisig.de\/wp-content\/uploads\/2021\/03\/Maerchenwald-Bad-Breisig-201513719-1536x1017.jpg 1536w, http:\/\/alt.maerchenwald-bad-breisig.de\/wp-content\/uploads\/2021\/03\/Maerchenwald-Bad-Breisig-201513719.jpg 2048w\" sizes=\"(max-width: 200px) 100vw, 200px\" \/><span style=\"color: #008000;\">Der Froschk\u00f6nig<\/span><\/strong><\/p>\n<p><span style=\"color: #808080;\"><em>Versprochen ist versprochen und wird nicht gebrochen! Das gilt auch f\u00fcr Prinzessinnen, denen eine goldene Kugel in den Brunnen f\u00e4llt &#8230;<\/em><\/span><\/p>\n<p><img decoding=\"async\" loading=\"lazy\" class=\"alignright wp-image-1388\" src=\"http:\/\/maerchenwald-bad-breisig.de\/wp-content\/uploads\/2021\/03\/DSC_0370Schneew.KueZwerge-02-300x199.jpg\" alt=\"\" width=\"200\" height=\"132\" srcset=\"http:\/\/alt.maerchenwald-bad-breisig.de\/wp-content\/uploads\/2021\/03\/DSC_0370Schneew.KueZwerge-02-300x199.jpg 300w, http:\/\/alt.maerchenwald-bad-breisig.de\/wp-content\/uploads\/2021\/03\/DSC_0370Schneew.KueZwerge-02-1024x678.jpg 1024w, http:\/\/alt.maerchenwald-bad-breisig.de\/wp-content\/uploads\/2021\/03\/DSC_0370Schneew.KueZwerge-02-768x509.jpg 768w, http:\/\/alt.maerchenwald-bad-breisig.de\/wp-content\/uploads\/2021\/03\/DSC_0370Schneew.KueZwerge-02-1536x1017.jpg 1536w, http:\/\/alt.maerchenwald-bad-breisig.de\/wp-content\/uploads\/2021\/03\/DSC_0370Schneew.KueZwerge-02.jpg 2048w\" sizes=\"(max-width: 200px) 100vw, 200px\" \/><span style=\"color: #008000;\"><strong>Schneewittchen (Sneewittchen)<\/strong><\/span><\/p>\n<p><span style=\"color: #808080;\"><em>Guten Appetit! Die sieben Zwerge lassen sich schmecken, was Schneewittchen ihnen zubereitet hat. H\u00e4tte Schneewittchen doch auch nur den Brei gegessen, statt in den vergifteten Apfel zu bei\u00dfen &#8230;<\/em><\/span><\/p>\n<p><img decoding=\"async\" loading=\"lazy\" class=\"alignleft wp-image-1389\" src=\"http:\/\/maerchenwald-bad-breisig.de\/wp-content\/uploads\/2021\/03\/DSC_0380ScheewRosenrot02-300x199.jpg\" alt=\"\" width=\"200\" height=\"132\" srcset=\"http:\/\/alt.maerchenwald-bad-breisig.de\/wp-content\/uploads\/2021\/03\/DSC_0380ScheewRosenrot02-300x199.jpg 300w, http:\/\/alt.maerchenwald-bad-breisig.de\/wp-content\/uploads\/2021\/03\/DSC_0380ScheewRosenrot02-1024x678.jpg 1024w, http:\/\/alt.maerchenwald-bad-breisig.de\/wp-content\/uploads\/2021\/03\/DSC_0380ScheewRosenrot02-768x509.jpg 768w, http:\/\/alt.maerchenwald-bad-breisig.de\/wp-content\/uploads\/2021\/03\/DSC_0380ScheewRosenrot02-1536x1017.jpg 1536w, http:\/\/alt.maerchenwald-bad-breisig.de\/wp-content\/uploads\/2021\/03\/DSC_0380ScheewRosenrot02.jpg 2048w\" sizes=\"(max-width: 200px) 100vw, 200px\" \/><span style=\"color: #008000;\"><strong>Schneewei\u00dfchen und Rosenrot<\/strong><\/span><\/p>\n<p><span style=\"color: #808080;\"><em>O Schreck &#8211; ein B\u00e4r steht vor der T\u00fcr! Aber keine Bange, der will nur spielen. Und was es mit ihm auf sich hat, wird erst am Ende verraten &#8230;<\/em><\/span><\/p>\n<p><strong><img decoding=\"async\" loading=\"lazy\" class=\"alignright wp-image-1390\" src=\"http:\/\/maerchenwald-bad-breisig.de\/wp-content\/uploads\/2021\/03\/Maerchenwald-Bad-Breisig-201513734-300x199.jpg\" alt=\"\" width=\"200\" height=\"132\" srcset=\"http:\/\/alt.maerchenwald-bad-breisig.de\/wp-content\/uploads\/2021\/03\/Maerchenwald-Bad-Breisig-201513734-300x199.jpg 300w, http:\/\/alt.maerchenwald-bad-breisig.de\/wp-content\/uploads\/2021\/03\/Maerchenwald-Bad-Breisig-201513734-1024x678.jpg 1024w, http:\/\/alt.maerchenwald-bad-breisig.de\/wp-content\/uploads\/2021\/03\/Maerchenwald-Bad-Breisig-201513734-768x509.jpg 768w, http:\/\/alt.maerchenwald-bad-breisig.de\/wp-content\/uploads\/2021\/03\/Maerchenwald-Bad-Breisig-201513734-1536x1017.jpg 1536w, http:\/\/alt.maerchenwald-bad-breisig.de\/wp-content\/uploads\/2021\/03\/Maerchenwald-Bad-Breisig-201513734.jpg 2048w\" sizes=\"(max-width: 200px) 100vw, 200px\" \/><span style=\"color: #008000;\">Der Wolf und die sieben Gei\u00dflein<\/span><\/strong><\/p>\n<p><span style=\"color: #808080;\"><em>Eine zarte Stimme vor der T\u00fcr und eine wei\u00dfe Pfote auf der Fensterbank. Vorsicht, ihr Gei\u00dflein! Nicht immer ist es so, wie es scheint &#8230;<\/em> <\/span><\/p>\n<p><img decoding=\"async\" loading=\"lazy\" class=\"alignleft wp-image-1391\" src=\"http:\/\/maerchenwald-bad-breisig.de\/wp-content\/uploads\/2021\/03\/17876-300x199.jpg\" alt=\"\" width=\"200\" height=\"132\" srcset=\"http:\/\/alt.maerchenwald-bad-breisig.de\/wp-content\/uploads\/2021\/03\/17876-300x199.jpg 300w, http:\/\/alt.maerchenwald-bad-breisig.de\/wp-content\/uploads\/2021\/03\/17876-1024x678.jpg 1024w, http:\/\/alt.maerchenwald-bad-breisig.de\/wp-content\/uploads\/2021\/03\/17876-768x509.jpg 768w, http:\/\/alt.maerchenwald-bad-breisig.de\/wp-content\/uploads\/2021\/03\/17876-1536x1017.jpg 1536w, http:\/\/alt.maerchenwald-bad-breisig.de\/wp-content\/uploads\/2021\/03\/17876.jpg 2048w\" sizes=\"(max-width: 200px) 100vw, 200px\" \/><span style=\"color: #008000;\"><strong>Das tapfere Schneiderlein<\/strong><\/span><\/p>\n<p><span style=\"color: #808080;\"><em>Das Schneiderlein platzt fast vor Stolz: Sieben Fliegen mit einem Schlag erwischt! Aber reicht das auch, um gegen Riesen, Einh\u00f6rner und wilde Eber zu bestehen?<\/em><\/span><\/p>\n<p><strong><img decoding=\"async\" loading=\"lazy\" class=\"alignright wp-image-1393\" src=\"http:\/\/maerchenwald-bad-breisig.de\/wp-content\/uploads\/2021\/03\/Maerchenwald-Bad-Breisig-201513739-300x199.jpg\" alt=\"\" width=\"200\" height=\"132\" srcset=\"http:\/\/alt.maerchenwald-bad-breisig.de\/wp-content\/uploads\/2021\/03\/Maerchenwald-Bad-Breisig-201513739-300x199.jpg 300w, http:\/\/alt.maerchenwald-bad-breisig.de\/wp-content\/uploads\/2021\/03\/Maerchenwald-Bad-Breisig-201513739-1024x678.jpg 1024w, http:\/\/alt.maerchenwald-bad-breisig.de\/wp-content\/uploads\/2021\/03\/Maerchenwald-Bad-Breisig-201513739-768x509.jpg 768w, http:\/\/alt.maerchenwald-bad-breisig.de\/wp-content\/uploads\/2021\/03\/Maerchenwald-Bad-Breisig-201513739-1536x1017.jpg 1536w, http:\/\/alt.maerchenwald-bad-breisig.de\/wp-content\/uploads\/2021\/03\/Maerchenwald-Bad-Breisig-201513739.jpg 2048w\" sizes=\"(max-width: 200px) 100vw, 200px\" \/><span style=\"color: #008000;\">Rotk\u00e4ppchen<\/span><\/strong><\/p>\n<p><span style=\"color: #808080;\"><em>Ach du Schreck: Gro\u00dfmutters Mund ist des Wolfes Schlund! Damit hat das kleine Rotk\u00e4ppchen nicht gerechnet &#8230;\u00a0 \u00a0 \u00a0 \u00a0 \u00a0 \u00a0 \u00a0 \u00a0 \u00a0 \u00a0 \u00a0 \u00a0 \u00a0 \u00a0<\/em><\/span><\/p>\n<p><strong><img decoding=\"async\" loading=\"lazy\" class=\"alignleft wp-image-1394\" src=\"http:\/\/maerchenwald-bad-breisig.de\/wp-content\/uploads\/2021\/03\/Maerchenwald-Bad-Breisig-201513740-300x199.jpg\" alt=\"\" width=\"200\" height=\"132\" srcset=\"http:\/\/alt.maerchenwald-bad-breisig.de\/wp-content\/uploads\/2021\/03\/Maerchenwald-Bad-Breisig-201513740-300x199.jpg 300w, http:\/\/alt.maerchenwald-bad-breisig.de\/wp-content\/uploads\/2021\/03\/Maerchenwald-Bad-Breisig-201513740-1024x678.jpg 1024w, http:\/\/alt.maerchenwald-bad-breisig.de\/wp-content\/uploads\/2021\/03\/Maerchenwald-Bad-Breisig-201513740-768x509.jpg 768w, http:\/\/alt.maerchenwald-bad-breisig.de\/wp-content\/uploads\/2021\/03\/Maerchenwald-Bad-Breisig-201513740-1536x1017.jpg 1536w, http:\/\/alt.maerchenwald-bad-breisig.de\/wp-content\/uploads\/2021\/03\/Maerchenwald-Bad-Breisig-201513740.jpg 2048w\" sizes=\"(max-width: 200px) 100vw, 200px\" \/><span style=\"color: #008000;\">Sterntaler<\/span><\/strong><\/p>\n<p><span style=\"color: #808080;\"><em>So sollte es immer sein: Das herzensgute M\u00e4dchen erh\u00e4lt f\u00fcr seine selbstlosen Taten den gerechten Lohn.\u00a0 \u00a0 \u00a0 \u00a0 \u00a0 \u00a0 \u00a0 \u00a0 \u00a0 \u00a0 \u00a0 \u00a0 \u00a0 \u00a0 \u00a0 \u00a0 \u00a0 \u00a0 \u00a0 \u00a0 \u00a0 \u00a0 \u00a0 \u00a0 \u00a0 \u00a0<\/em><\/span><\/p>\n<p><strong><img decoding=\"async\" loading=\"lazy\" class=\"alignright wp-image-1395\" src=\"http:\/\/maerchenwald-bad-breisig.de\/wp-content\/uploads\/2021\/03\/IMG_-Aschenp-_1600x1067-300x200.jpg\" alt=\"\" width=\"200\" height=\"133\" srcset=\"http:\/\/alt.maerchenwald-bad-breisig.de\/wp-content\/uploads\/2021\/03\/IMG_-Aschenp-_1600x1067-300x200.jpg 300w, http:\/\/alt.maerchenwald-bad-breisig.de\/wp-content\/uploads\/2021\/03\/IMG_-Aschenp-_1600x1067-1024x683.jpg 1024w, http:\/\/alt.maerchenwald-bad-breisig.de\/wp-content\/uploads\/2021\/03\/IMG_-Aschenp-_1600x1067-768x512.jpg 768w, http:\/\/alt.maerchenwald-bad-breisig.de\/wp-content\/uploads\/2021\/03\/IMG_-Aschenp-_1600x1067-1536x1024.jpg 1536w, http:\/\/alt.maerchenwald-bad-breisig.de\/wp-content\/uploads\/2021\/03\/IMG_-Aschenp-_1600x1067.jpg 1600w\" sizes=\"(max-width: 200px) 100vw, 200px\" \/><span style=\"color: #008000;\">Aschenputtel<\/span><\/strong><\/p>\n<p><span style=\"color: #808080;\"><em>So viele Linsen zu sortieren! Ein Gl\u00fcck, dass dem armen Aschenputtel die lieben Tauben zu Hilfe eilen. So schafft es die Arbeit und kommt noch rechtzeitig zum Fest &#8230;<\/em><\/span><\/p>\n<p style=\"text-align: center;\">\u00a0<\/p>\n<p><img decoding=\"async\" loading=\"lazy\" class=\" wp-image-1839 alignleft\" src=\"http:\/\/maerchenwald-bad-breisig.de\/wp-content\/uploads\/2022\/07\/Spielplatz-2022-a-300x225.jpg\" alt=\"\" width=\"203\" height=\"152\" srcset=\"http:\/\/alt.maerchenwald-bad-breisig.de\/wp-content\/uploads\/2022\/07\/Spielplatz-2022-a-300x225.jpg 300w, http:\/\/alt.maerchenwald-bad-breisig.de\/wp-content\/uploads\/2022\/07\/Spielplatz-2022-a-1024x768.jpg 1024w, http:\/\/alt.maerchenwald-bad-breisig.de\/wp-content\/uploads\/2022\/07\/Spielplatz-2022-a-768x576.jpg 768w, http:\/\/alt.maerchenwald-bad-breisig.de\/wp-content\/uploads\/2022\/07\/Spielplatz-2022-a-1536x1152.jpg 1536w, http:\/\/alt.maerchenwald-bad-breisig.de\/wp-content\/uploads\/2022\/07\/Spielplatz-2022-a-2048x1536.jpg 2048w\" sizes=\"(max-width: 203px) 100vw, 203px\" \/>Am Ende des serpentinenartigen und naturbelassenen Waldweges gelangen Sie auf unsere \u00fcberdachte Caf\u00e9-Terrasse, von der aus Sie einen Blick auf das malerische Rheintal, Schloss Arenfels und das Siebengebirge werfen k\u00f6nnen, w\u00e4hrend Ihre Kinder Gelegenheit haben, sich auf unserem kleinen Spielplatz zu vergn\u00fcgen.<\/p>\n<p><img decoding=\"async\" loading=\"lazy\" class=\" wp-image-1848 alignright\" src=\"http:\/\/maerchenwald-bad-breisig.de\/wp-content\/uploads\/2022\/07\/Terrasse-Kiosk-300x225.jpg\" alt=\"\" width=\"203\" height=\"152\" srcset=\"http:\/\/alt.maerchenwald-bad-breisig.de\/wp-content\/uploads\/2022\/07\/Terrasse-Kiosk-300x225.jpg 300w, http:\/\/alt.maerchenwald-bad-breisig.de\/wp-content\/uploads\/2022\/07\/Terrasse-Kiosk-1024x768.jpg 1024w, http:\/\/alt.maerchenwald-bad-breisig.de\/wp-content\/uploads\/2022\/07\/Terrasse-Kiosk-768x576.jpg 768w, http:\/\/alt.maerchenwald-bad-breisig.de\/wp-content\/uploads\/2022\/07\/Terrasse-Kiosk-1536x1152.jpg 1536w, http:\/\/alt.maerchenwald-bad-breisig.de\/wp-content\/uploads\/2022\/07\/Terrasse-Kiosk-2048x1536.jpg 2048w\" sizes=\"(max-width: 203px) 100vw, 203px\" \/>Auch f\u00fcr Ihr leibliches Wohl ist gesorgt: Wir bieten Snacks\/S\u00fc\u00dfwaren und Getr\u00e4nke aller Art an. Sie d\u00fcrfen sich Ihr Essen aber auch gerne mitbringen und auf unserer Terrasse verzehren. Nur bitten wir darum, die Getr\u00e4nke bei uns zu erwerben.<\/p>\n<p style=\"text-align: center;\">_______________<\/p>\n<p style=\"text-align: center;\"><span style=\"color: #008000;\">Wir freuen uns auf Ihren Besuch!<\/span><\/p>\n<p style=\"text-align: center;\">_______________<\/p>\n<p style=\"text-align: center;\"><img decoding=\"async\" loading=\"lazy\" class=\"alignnone  wp-image-1843\" src=\"http:\/\/maerchenwald-bad-breisig.de\/wp-content\/uploads\/2022\/07\/Panorama-Blick-Maerchenwald-a-300x85.jpg\" alt=\"\" width=\"530\" height=\"150\" srcset=\"http:\/\/alt.maerchenwald-bad-breisig.de\/wp-content\/uploads\/2022\/07\/Panorama-Blick-Maerchenwald-a-300x85.jpg 300w, http:\/\/alt.maerchenwald-bad-breisig.de\/wp-content\/uploads\/2022\/07\/Panorama-Blick-Maerchenwald-a-1024x291.jpg 1024w, http:\/\/alt.maerchenwald-bad-breisig.de\/wp-content\/uploads\/2022\/07\/Panorama-Blick-Maerchenwald-a-768x218.jpg 768w, http:\/\/alt.maerchenwald-bad-breisig.de\/wp-content\/uploads\/2022\/07\/Panorama-Blick-Maerchenwald-a-1536x436.jpg 1536w, http:\/\/alt.maerchenwald-bad-breisig.de\/wp-content\/uploads\/2022\/07\/Panorama-Blick-Maerchenwald-a-2048x582.jpg 2048w\" sizes=\"(max-width: 530px) 100vw, 530px\" \/><\/p>\n\n\n<p><\/p>\n","protected":false},"excerpt":{"rendered":"<p>Willkommen im M\u00e4rchenwald Bad Breisig!G\u00f6nnen Sie sich einen m\u00e4rchenhaften Tag in der Natur und bewundern Sie die Sch\u00f6nheit des sagenumwobenen Mittelrheins. In unserem M\u00e4rchenwald finden Sie eine Auswahl der sch\u00f6nsten Grimmschen M\u00e4rchen. Der K\u00fcnstler Willy Zeh (1939-2021) hat diese aus alten Vorlagen kindgerecht und mit vielen liebevollen Details in Szene gesetzt. Die beweglichen und sprechenden &hellip; <a href=\"http:\/\/alt.maerchenwald-bad-breisig.de\/?page_id=184\" class=\"more-link\"><span class=\"screen-reader-text\">Unser M\u00e4rchenwald<\/span> weiterlesen <span class=\"meta-nav\">&rarr;<\/span><\/a><\/p>\n","protected":false},"author":1,"featured_media":240,"parent":0,"menu_order":0,"comment_status":"closed","ping_status":"closed","template":"","meta":[],"_links":{"self":[{"href":"http:\/\/alt.maerchenwald-bad-breisig.de\/index.php?rest_route=\/wp\/v2\/pages\/184"}],"collection":[{"href":"http:\/\/alt.maerchenwald-bad-breisig.de\/index.php?rest_route=\/wp\/v2\/pages"}],"about":[{"href":"http:\/\/alt.maerchenwald-bad-breisig.de\/index.php?rest_route=\/wp\/v2\/types\/page"}],"author":[{"embeddable":true,"href":"http:\/\/alt.maerchenwald-bad-breisig.de\/index.php?rest_route=\/wp\/v2\/users\/1"}],"replies":[{"embeddable":true,"href":"http:\/\/alt.maerchenwald-bad-breisig.de\/index.php?rest_route=%2Fwp%2Fv2%2Fcomments&post=184"}],"version-history":[{"count":40,"href":"http:\/\/alt.maerchenwald-bad-breisig.de\/index.php?rest_route=\/wp\/v2\/pages\/184\/revisions"}],"predecessor-version":[{"id":2620,"href":"http:\/\/alt.maerchenwald-bad-breisig.de\/index.php?rest_route=\/wp\/v2\/pages\/184\/revisions\/2620"}],"wp:featuredmedia":[{"embeddable":true,"href":"http:\/\/alt.maerchenwald-bad-breisig.de\/index.php?rest_route=\/wp\/v2\/media\/240"}],"wp:attachment":[{"href":"http:\/\/alt.maerchenwald-bad-breisig.de\/index.php?rest_route=%2Fwp%2Fv2%2Fmedia&parent=184"}],"curies":[{"name":"wp","href":"https:\/\/api.w.org\/{rel}","templated":true}]}}