{"id":182,"date":"2015-01-16T16:50:56","date_gmt":"2015-01-16T16:50:56","guid":{"rendered":"http:\/\/maerchenwald-bad-breisig.de\/?page_id=182"},"modified":"2021-03-28T15:58:32","modified_gmt":"2021-03-28T15:58:32","slug":"maerchenlehrpfad-2","status":"publish","type":"page","link":"http:\/\/alt.maerchenwald-bad-breisig.de\/?page_id=182","title":{"rendered":"M\u00e4rchenlehrpfad"},"content":{"rendered":"<p><b>Die Br\u00fcder Grimm<\/b><\/p>\n<p><img decoding=\"async\" loading=\"lazy\" class=\"alignleft wp-image-80\" src=\"http:\/\/maerchenwald-bad-breisig.de\/wp-content\/uploads\/2015\/01\/grimms1.jpg\" alt=\"Gebr\u00fcder Grimm\" width=\"200\" height=\"224\" \/><\/p>\n<p>Vor \u00fcber 200 Jahren haben die Br\u00fcder Jacob Grimm (1785-1863) und Wilhelm Grimm (1786-1859) m\u00fcndlich \u00fcberlieferte Geschichten zusammengetragen, niedergeschrieben und in ihren ber\u00fchmten \u201eKinder- und Hausm\u00e4rchen\u201c (1812-1815) ver\u00f6ffentlicht. Als Sprach-\/Literaturwissenschaftler und Sammler von Volksm\u00e4rchen gelang es den Br\u00fcdern, diese als Kulturgut zu dokumentieren und f\u00fcr nachfolgende Generationen zu bewahren. Sie gelten nicht nur als Begr\u00fcnder der Germanistik, sondern auch der M\u00e4rchenkunde. Die \u201eGrimmschen M\u00e4rchen\u201c sind zum festen Bestandteil der deutschen Literatur geworden und bereiten Kindern und Erwachsenen in der ganzen Welt auch heute noch Freude.<\/p>\n<p><b>Unser M\u00e4rchenlehrpfad<\/b><\/p>\n<p>Den kulturellen Ansatz hat der M\u00e4rchenwald Bad Breisig weiterverfolgt und in Zusammenarbeit mit dem Bonner M\u00e4rchenkreis in der Europ\u00e4ischen M\u00e4rchengesellschaft e. V. einen M\u00e4rchenlehrpfad geschaffen. Keine Sorge: Sie brauchen keine kulturgeschichtlichen, psychoanalytischen, p\u00e4dagogischen oder sonstigen Vorkenntnisse. Unser Lehrpfad ist zwar fachlich fundiert, aber ganz unakademisch und f\u00fcr jedermann verst\u00e4ndlich.<\/p>\n<p><a href=\"http:\/\/maerchenwald-bad-breisig.de\/wp-content\/uploads\/2015\/01\/buch1.jpg\"><img decoding=\"async\" loading=\"lazy\" class=\"size-medium wp-image-17 aligncenter\" src=\"http:\/\/maerchenwald-bad-breisig.de\/wp-content\/uploads\/2015\/01\/buch1-300x195.jpg\" alt=\"buch1\" width=\"300\" height=\"195\" srcset=\"http:\/\/alt.maerchenwald-bad-breisig.de\/wp-content\/uploads\/2015\/01\/buch1-300x195.jpg 300w, http:\/\/alt.maerchenwald-bad-breisig.de\/wp-content\/uploads\/2015\/01\/buch1.jpg 315w\" sizes=\"(max-width: 300px) 100vw, 300px\" \/><\/a><\/p>\n<p>Er besteht aus Texttafeln, die an jedem unserer 13 H\u00e4uschen aufgestellt worden sind. Auf diesen werden Aspekte des jeweiligen M\u00e4rchens hervorgehoben und die (erwachsenen) Besucher ermuntert, \u00fcber die tiefere Bedeutung des M\u00e4rchens nachzudenken. Dabei sind die Texte so verfasst, dass sie keine bestimmte Lesart oder Interpretation vorgeben. Sie enden jeweils mit einer Frage, die der Leser f\u00fcr sich selbst beantworten muss.<\/p>\n<p><a href=\"http:\/\/maerchenwald-bad-breisig.de\/wp-content\/uploads\/2015\/01\/Aschenputtelhaus.jpg\"><img decoding=\"async\" loading=\"lazy\" class=\"wp-image-9 alignright\" src=\"http:\/\/maerchenwald-bad-breisig.de\/wp-content\/uploads\/2015\/01\/Aschenputtelhaus-300x212.jpg\" alt=\"Aschenputtelhaus\" width=\"292\" height=\"206\" srcset=\"http:\/\/alt.maerchenwald-bad-breisig.de\/wp-content\/uploads\/2015\/01\/Aschenputtelhaus-300x212.jpg 300w, http:\/\/alt.maerchenwald-bad-breisig.de\/wp-content\/uploads\/2015\/01\/Aschenputtelhaus.jpg 302w\" sizes=\"(max-width: 292px) 100vw, 292px\" \/><\/a>Wir hoffen, dadurch auch den Dialog zwischen den Generationen zu f\u00f6rdern. Die Eltern und Gro\u00dfeltern sollen im Anschluss mit ihren Kleinen \u00fcber die Bedeutung der M\u00e4rchen sprechen und diskutieren \u2013 und dadurch ihre altersgebundene Sichtweise erweitern. Denn ein kleiner M\u00e4rchenfreund versteht und bewertet die jeweilige Geschichte und deren handelnde Figuren oftmals anders als ein gro\u00dfer. Im Idealfall lernen beide Altersgruppen voneinander.<\/p>\n<p>Somit ist der Besuch des M\u00e4rchenwalds nicht nur ein entspannender Ausflug in die Natur, sondern auch \u2013 zumindest w\u00fcnschen wir uns das \u2013 ein lehrreiches Erlebnis.<\/p>\n<p>Das Land Rheinland-Pfalz teilt unsere Auffassung: Im Jahre 2009 best\u00e4tigte das Ministerium f\u00fcr Bildung, Wissenschaft, Jugend und Kultur in Mainz in Zusammenarbeit mit dem Museumsverband Rheinland-Pfalz und dem Justiziar der Generaldirektion Kulturelles Erbe, dass der M\u00e4rchenwald Bad Breisig mit seinem Lehrpfad f\u00fcr Erwachsene auf eine kulturgeschichtlich interessante Art und Weise literarisch-kulturelles Erbe vermittelt und bewahrt. Denn M\u00e4rchen sind Teil deutschen Kulturguts und Brauchtums, deren Pflege ein Anliegen von allgemeinem Interesse darstellt<em>.<\/em><\/p>\n\n\n<p><\/p>\n","protected":false},"excerpt":{"rendered":"<p>Die Br\u00fcder Grimm Vor \u00fcber 200 Jahren haben die Br\u00fcder Jacob Grimm (1785-1863) und Wilhelm Grimm (1786-1859) m\u00fcndlich \u00fcberlieferte Geschichten zusammengetragen, niedergeschrieben und in ihren ber\u00fchmten \u201eKinder- und Hausm\u00e4rchen\u201c (1812-1815) ver\u00f6ffentlicht. Als Sprach-\/Literaturwissenschaftler und Sammler von Volksm\u00e4rchen gelang es den Br\u00fcdern, diese als Kulturgut zu dokumentieren und f\u00fcr nachfolgende Generationen zu bewahren. Sie gelten nicht &hellip; <a href=\"http:\/\/alt.maerchenwald-bad-breisig.de\/?page_id=182\" class=\"more-link\"><span class=\"screen-reader-text\">M\u00e4rchenlehrpfad<\/span> weiterlesen <span class=\"meta-nav\">&rarr;<\/span><\/a><\/p>\n","protected":false},"author":1,"featured_media":240,"parent":0,"menu_order":0,"comment_status":"closed","ping_status":"closed","template":"","meta":[],"_links":{"self":[{"href":"http:\/\/alt.maerchenwald-bad-breisig.de\/index.php?rest_route=\/wp\/v2\/pages\/182"}],"collection":[{"href":"http:\/\/alt.maerchenwald-bad-breisig.de\/index.php?rest_route=\/wp\/v2\/pages"}],"about":[{"href":"http:\/\/alt.maerchenwald-bad-breisig.de\/index.php?rest_route=\/wp\/v2\/types\/page"}],"author":[{"embeddable":true,"href":"http:\/\/alt.maerchenwald-bad-breisig.de\/index.php?rest_route=\/wp\/v2\/users\/1"}],"replies":[{"embeddable":true,"href":"http:\/\/alt.maerchenwald-bad-breisig.de\/index.php?rest_route=%2Fwp%2Fv2%2Fcomments&post=182"}],"version-history":[{"count":16,"href":"http:\/\/alt.maerchenwald-bad-breisig.de\/index.php?rest_route=\/wp\/v2\/pages\/182\/revisions"}],"predecessor-version":[{"id":1462,"href":"http:\/\/alt.maerchenwald-bad-breisig.de\/index.php?rest_route=\/wp\/v2\/pages\/182\/revisions\/1462"}],"wp:featuredmedia":[{"embeddable":true,"href":"http:\/\/alt.maerchenwald-bad-breisig.de\/index.php?rest_route=\/wp\/v2\/media\/240"}],"wp:attachment":[{"href":"http:\/\/alt.maerchenwald-bad-breisig.de\/index.php?rest_route=%2Fwp%2Fv2%2Fmedia&parent=182"}],"curies":[{"name":"wp","href":"https:\/\/api.w.org\/{rel}","templated":true}]}}